{"id":122,"date":"2025-12-15T11:35:34","date_gmt":"2025-12-15T11:35:34","guid":{"rendered":"https:\/\/kayadevelopmentserver.com\/kontakt\/?post_type=product&#038;p=122"},"modified":"2025-12-15T14:03:27","modified_gmt":"2025-12-15T14:03:27","slug":"baggy-jeans-unisexe-upycling","status":"publish","type":"product","link":"https:\/\/kayadevelopmentserver.com\/kontakt\/product\/baggy-jeans-unisexe-upycling\/","title":{"rendered":"Baggy jeans unisexe Upycling"},"content":{"rendered":"<p>D\u00e9couvrez notre jean baggy unisexe en denim rigide, sublim\u00e9 par des bords effiloch\u00e9s pour un style d\u00e9contract\u00e9 et moderne. \u00c9labor\u00e9 dans le respect de l\u2019environnement, ce mod\u00e8le illustre parfaitement l\u2019art de l\u2019upcycling en int\u00e9grant denim et maille de seconde main, ainsi que des chutes r\u00e9cup\u00e9r\u00e9es de nos tests internes. Chaque pi\u00e8ce unique est confectionn\u00e9e avec des techniques artisanales comme la couture double aiguille, le surfilage et les bords francs, rehauss\u00e9e par des d\u00e9tails originaux tels que les ourlets ouverts, le colour blocking et des motifs en carr\u00e9s diagonaux. Alliez mode responsable et innovation textile avec ce jean parfait pour un look \u00e0 la fois tendance et \u00e9coresponsable.<\/p>\n","protected":false},"excerpt":{"rendered":"<p>D\u00e9couvrez notre jean baggy unisexe en denim rigide, sublim\u00e9 par des bords effiloch\u00e9s pour un style d\u00e9contract\u00e9 et moderne. \u00c9labor\u00e9 dans le respect de l\u2019environnement, ce mod\u00e8le illustre parfaitement l\u2019art de l\u2019upcycling en int\u00e9grant denim et maille de seconde main, ainsi que des chutes r\u00e9cup\u00e9r\u00e9es de nos tests internes. Chaque pi\u00e8ce unique est confectionn\u00e9e avec [&hellip;]<\/p>\n","protected":false},"featured_media":127,"template":"","meta":{"_et_pb_use_builder":"","_et_pb_old_content":"","_et_gb_content_width":""},"product_brand":[],"product_cat":[18],"product_tag":[],"class_list":{"0":"post-122","1":"product","2":"type-product","3":"status-publish","4":"has-post-thumbnail","6":"product_cat-tunis-fashion-week","8":"first","9":"instock","10":"shipping-taxable","11":"purchasable","12":"product-type-variable"},"_links":{"self":[{"href":"https:\/\/kayadevelopmentserver.com\/kontakt\/wp-json\/wp\/v2\/product\/122","targetHints":{"allow":["GET"]}}],"collection":[{"href":"https:\/\/kayadevelopmentserver.com\/kontakt\/wp-json\/wp\/v2\/product"}],"about":[{"href":"https:\/\/kayadevelopmentserver.com\/kontakt\/wp-json\/wp\/v2\/types\/product"}],"wp:featuredmedia":[{"embeddable":true,"href":"https:\/\/kayadevelopmentserver.com\/kontakt\/wp-json\/wp\/v2\/media\/127"}],"wp:attachment":[{"href":"https:\/\/kayadevelopmentserver.com\/kontakt\/wp-json\/wp\/v2\/media?parent=122"}],"wp:term":[{"taxonomy":"product_brand","embeddable":true,"href":"https:\/\/kayadevelopmentserver.com\/kontakt\/wp-json\/wp\/v2\/product_brand?post=122"},{"taxonomy":"product_cat","embeddable":true,"href":"https:\/\/kayadevelopmentserver.com\/kontakt\/wp-json\/wp\/v2\/product_cat?post=122"},{"taxonomy":"product_tag","embeddable":true,"href":"https:\/\/kayadevelopmentserver.com\/kontakt\/wp-json\/wp\/v2\/product_tag?post=122"}],"curies":[{"name":"wp","href":"https:\/\/api.w.org\/{rel}","templated":true}]}}