{"id":134,"date":"2025-12-15T12:19:17","date_gmt":"2025-12-15T12:19:17","guid":{"rendered":"https:\/\/kayadevelopmentserver.com\/kontakt\/?post_type=product&#038;p=134"},"modified":"2025-12-15T14:04:02","modified_gmt":"2025-12-15T14:04:02","slug":"baggy-jeans-unisexe-acid-wash-over-dye","status":"publish","type":"product","link":"https:\/\/kayadevelopmentserver.com\/kontakt\/product\/baggy-jeans-unisexe-acid-wash-over-dye\/","title":{"rendered":"Baggy jeans unisexe Acid Wash &#038; Over Dye"},"content":{"rendered":"<p>D\u00e9couvrez notre baggy jeans unisexe en denim confortable, confectionn\u00e9 \u00e0 99% coton et 1% \u00e9lasthanne pour une tenue d\u00e9contract\u00e9e et agr\u00e9able. Inspir\u00e9 par le riche patrimoine tunisien, ce jean unique arbore des effets us\u00e9s authentiques obtenus gr\u00e2ce \u00e0 des techniques artisanales de lavage : spray, effet dirty, destruction, repair work et surteinture. Chaque pi\u00e8ce raconte une histoire, offrant une esth\u00e9tique vintage et une sensation de v\u00e9cu incomparable. Parfait pour un look tendance m\u00ealant confort et originalit\u00e9, ce baggy jeans est id\u00e9al pour affirmer votre style au quotidien avec une touche d\u2019authenticit\u00e9 et une qualit\u00e9 durable.<\/p>\n","protected":false},"excerpt":{"rendered":"<p>D\u00e9couvrez notre baggy jeans unisexe en denim confortable, confectionn\u00e9 \u00e0 99% coton et 1% \u00e9lasthanne pour une tenue d\u00e9contract\u00e9e et agr\u00e9able. Inspir\u00e9 par le riche patrimoine tunisien, ce jean unique arbore des effets us\u00e9s authentiques obtenus gr\u00e2ce \u00e0 des techniques artisanales de lavage : spray, effet dirty, destruction, repair work et surteinture. Chaque pi\u00e8ce raconte [&hellip;]<\/p>\n","protected":false},"featured_media":139,"template":"","meta":{"_et_pb_use_builder":"","_et_pb_old_content":"","_et_gb_content_width":""},"product_brand":[],"product_cat":[18],"product_tag":[],"class_list":{"0":"post-134","1":"product","2":"type-product","3":"status-publish","4":"has-post-thumbnail","6":"product_cat-tunis-fashion-week","8":"first","9":"instock","10":"shipping-taxable","11":"purchasable","12":"product-type-variable"},"_links":{"self":[{"href":"https:\/\/kayadevelopmentserver.com\/kontakt\/wp-json\/wp\/v2\/product\/134","targetHints":{"allow":["GET"]}}],"collection":[{"href":"https:\/\/kayadevelopmentserver.com\/kontakt\/wp-json\/wp\/v2\/product"}],"about":[{"href":"https:\/\/kayadevelopmentserver.com\/kontakt\/wp-json\/wp\/v2\/types\/product"}],"wp:featuredmedia":[{"embeddable":true,"href":"https:\/\/kayadevelopmentserver.com\/kontakt\/wp-json\/wp\/v2\/media\/139"}],"wp:attachment":[{"href":"https:\/\/kayadevelopmentserver.com\/kontakt\/wp-json\/wp\/v2\/media?parent=134"}],"wp:term":[{"taxonomy":"product_brand","embeddable":true,"href":"https:\/\/kayadevelopmentserver.com\/kontakt\/wp-json\/wp\/v2\/product_brand?post=134"},{"taxonomy":"product_cat","embeddable":true,"href":"https:\/\/kayadevelopmentserver.com\/kontakt\/wp-json\/wp\/v2\/product_cat?post=134"},{"taxonomy":"product_tag","embeddable":true,"href":"https:\/\/kayadevelopmentserver.com\/kontakt\/wp-json\/wp\/v2\/product_tag?post=134"}],"curies":[{"name":"wp","href":"https:\/\/api.w.org\/{rel}","templated":true}]}}