{"id":165,"date":"2025-12-15T13:49:49","date_gmt":"2025-12-15T13:49:49","guid":{"rendered":"https:\/\/kayadevelopmentserver.com\/kontakt\/?post_type=product&#038;p=165"},"modified":"2025-12-15T14:05:34","modified_gmt":"2025-12-15T14:05:34","slug":"sarouel-unisexe-en-jeans-upcycling","status":"publish","type":"product","link":"https:\/\/kayadevelopmentserver.com\/kontakt\/product\/sarouel-unisexe-en-jeans-upcycling\/","title":{"rendered":"Sarouel unisexe en jeans Upcycling"},"content":{"rendered":"<p>D\u00e9couvrez notre sarouel en jeans unisexe, une pi\u00e8ce unique inspir\u00e9e de l\u2019habit traditionnel tunisien. Confectionn\u00e9 en denim rigide upcycl\u00e9, ce mod\u00e8le est fabriqu\u00e9 \u00e0 partir de pantalons de deuxi\u00e8me choix d\u00e9coup\u00e9s et r\u00e9assembl\u00e9s selon la technique Cut and Sew, cr\u00e9ant ainsi un nouveau tissu durable et authentique. Son denim bleu fonc\u00e9 conf\u00e8re un style original, alliant \u00e9l\u00e9gance et esprit \u00e9coresponsable. Parfait pour ceux qui cherchent \u00e0 adopter un look distinctif tout en soutenant la mode durable, ce sarouel offre confort et robustesse, id\u00e9al pour un usage quotidien ou des occasions d\u00e9contract\u00e9es. Optez pour un v\u00eatement \u00e0 la fois tendance et respectueux de l\u2019environnement.<\/p>\n","protected":false},"excerpt":{"rendered":"<p>D\u00e9couvrez notre sarouel en jeans unisexe, une pi\u00e8ce unique inspir\u00e9e de l\u2019habit traditionnel tunisien. Confectionn\u00e9 en denim rigide upcycl\u00e9, ce mod\u00e8le est fabriqu\u00e9 \u00e0 partir de pantalons de deuxi\u00e8me choix d\u00e9coup\u00e9s et r\u00e9assembl\u00e9s selon la technique Cut and Sew, cr\u00e9ant ainsi un nouveau tissu durable et authentique. Son denim bleu fonc\u00e9 conf\u00e8re un style original, [&hellip;]<\/p>\n","protected":false},"featured_media":167,"template":"","meta":{"_et_pb_use_builder":"","_et_pb_old_content":"","_et_gb_content_width":""},"product_brand":[],"product_cat":[18],"product_tag":[],"class_list":{"0":"post-165","1":"product","2":"type-product","3":"status-publish","4":"has-post-thumbnail","6":"product_cat-tunis-fashion-week","8":"first","9":"instock","10":"shipping-taxable","11":"purchasable","12":"product-type-variable"},"_links":{"self":[{"href":"https:\/\/kayadevelopmentserver.com\/kontakt\/wp-json\/wp\/v2\/product\/165","targetHints":{"allow":["GET"]}}],"collection":[{"href":"https:\/\/kayadevelopmentserver.com\/kontakt\/wp-json\/wp\/v2\/product"}],"about":[{"href":"https:\/\/kayadevelopmentserver.com\/kontakt\/wp-json\/wp\/v2\/types\/product"}],"wp:featuredmedia":[{"embeddable":true,"href":"https:\/\/kayadevelopmentserver.com\/kontakt\/wp-json\/wp\/v2\/media\/167"}],"wp:attachment":[{"href":"https:\/\/kayadevelopmentserver.com\/kontakt\/wp-json\/wp\/v2\/media?parent=165"}],"wp:term":[{"taxonomy":"product_brand","embeddable":true,"href":"https:\/\/kayadevelopmentserver.com\/kontakt\/wp-json\/wp\/v2\/product_brand?post=165"},{"taxonomy":"product_cat","embeddable":true,"href":"https:\/\/kayadevelopmentserver.com\/kontakt\/wp-json\/wp\/v2\/product_cat?post=165"},{"taxonomy":"product_tag","embeddable":true,"href":"https:\/\/kayadevelopmentserver.com\/kontakt\/wp-json\/wp\/v2\/product_tag?post=165"}],"curies":[{"name":"wp","href":"https:\/\/api.w.org\/{rel}","templated":true}]}}